 factors of b.
3, 5
Let v = -22 + 13. Let t = v + -3. Let z(a) = -a**2 - 15*a - 17. What are the prime factors of z(t)?
19
Let k(d) = d**3 + 12*d**2 + 10*d - 11. Let a be k(-11). Suppose i - 4*z - 42 = a, 2 = -z - 0*z. What are the prime factors of i?
2, 17
Suppose 2*h = 5*k + 7*h - 680, 0 = 3*k + 5*h - 404. Let d be (12/(-10))/(3/(-10)). Suppose 5*a + z - 139 = 0, -41 = 3*a + d*z - k. List the prime factors of a.
3
List the prime factors of (-8)/2 + 308 - 7.
3, 11
Let c be (-4)/12 - 355/(-3). Suppose -34 = a - c. What are the prime factors of a?
2, 3, 7
Suppose 12 = 8*b - 60. What are the prime factors of ((-69)/(-2))/(b/24)?
2, 23
Let d(p) = -6*p + 3. Let f(z) = 2*z**3 + z**2 + 2*z + 2. Let v be f(-2). What are the prime factors of d(v)?
3, 29
What are the prime factors of (-860)/(-3 + -1)*(5 - 4)?
5, 43
Suppose -r + 355 = -5*b, 2*r - 252 - 451 = 3*b. What are the prime factors of r?
2, 5, 7
Let v = 8 + -6. Suppose 5*o - 5*t = -5, 153*o - 11 = 149*o - t. Suppose 2*i - h - 3*h - 90 = 0, -94 = -o*i + v*h. List the prime factors of i.
7
Let t(y) = -3*y - 15 + 33 - 10. Let x be t(2). List the prime factors of ((-50)/10)/(x/(-26)).
5, 13
Suppose 4*h + 46 = 5*u - 16, 0 = 4*h - 8. Let t be 180/(-22) + u/77. List the prime factors of (-296)/t + 4*1.
41
Let z(n) = 150*n**2 + 40*n + 8. List the prime factors of z(5).
2, 1979
Let x(d) = 4*d - 4. Suppose 5 = 3*i - 19. Let v be x(i). What are the prime factors of v + (2 - 2)/(-3)?
2, 7
Let a(i) be the second derivative of -2*i**3/3 + 3*i**2/2 - 4*i. Let f be a(2). What are the prime factors of (-1)/f + (-444)/(-30)?
3, 5
Let k = -11 + 15. Let g = -608 - -807. Suppose 45 + g = k*m. What are the prime factors of m?
61
Let v(p) = 3*p**2 + 55*p - 3. List the prime factors of v(-24).
3, 5
Let o(t) = -26*t + 3. Let d(u) = -77*u + 10. Let c(r) = -2*d(r) + 7*o(r). What are the prime factors of c(-2)?
3, 19
Suppose -2*a + 5 = b, 4 = -2*a + 4*b - 6. Let q = a + 13. What are the prime factors of q?
2, 7
Suppose -18676 = -9*a - 5*a. List the prime factors of a.
2, 23, 29
Let n be (-2)/10 + 1 - 12/(-10). What are the prime factors of 2/((-4 + n)/(-218))?
2, 109
Let c(i) = -2*i**2 - i**2 + 4 + 4*i**2 - 10*i - 4*i. List the prime factors of c(15).
19
What are the prime factors of 396/462*3563/2?
3, 509
Let x(v) = 2*v - 11. Let o be x(11). Suppose -o*p + 12*p = 53. List the prime factors of p.
53
Let g be 2 + (-3 - 2/(-2))*1. Let u be 1216/10 + (-2)/(-5). Suppose -2*m + u = 5*h, -3*m + 169 = -g*m + 4*h. List the prime factors of m.
3, 17
Suppose 3*l - 3*y - 246 = 0, 4*y - 68 = -l + 14. Let t = -56 + l. What are the prime factors of t?
2, 13
Suppose 5*f = d - 1817, -295 - 3357 = -2*d + f. List the prime factors of d.
3, 7, 29
Suppose -5*s + 31 = 6. Suppose -s*y + 495 - 55 = 0. List the prime factors of y.
2, 11
Let d = -29 - -21. List the prime factors of 1644/33 - d/44.
2, 5
What are the prime factors of (-26)/((2/(-284))/(6/24))?
13, 71
Let p(j) = j**2 - 35*j + 26. Let s be p(14). What are the prime factors of 10/(-4)*s/5?
2, 67
Let a be 3*6/(-27)*-6. Suppose -j = 2*y + 3*y - 29, -y + a*j = 11. Suppose 0 = -i - 3*p + y*p + 38, 2*i + 4*p - 68 = 0. List the prime factors of i.
2, 3
What are the prime factors of ((-560)/(-25))/(-14)*-2140?
2, 107
Let i(n) = 65*n - 2. Let p(q) = -q**2 + 4*q + 1. Let y be p(4). List the prime factors of i(y).
3, 7
Let f(b) = b**2 + 1. Let i be f(-5). Suppose 0 = 5*u - 5*z, 4*u + 4*z + i = 10. Let m(k) = k**2 + k + 2. What are the prime factors of m(u)?
2
Let q be 32/((9/(-14))/(-9)). Suppose -3*t - q = -11*t. List the prime factors of t.
2, 7
Let r(b) = -b**3 + 12*b**2 + 11*b - 21. Let w be r(9). Let g = w - 152. List the prime factors of g.
13
Suppose 0*h - 2*h + 5*z = -53, -4*h + z = -61. Suppose 16*a - 46 = h*a. What are the prime factors of a?
23
Let d = 15 - 11. Suppose 0 = d*y - 5*l - 94 - 188, -5*y + 330 = 5*l. What are the prime factors of y?
2, 17
Suppose 2*i + m - 6 = 0, 2*m = -i + 3 + 3. Suppose -200 = -u - i*o, -5*u = -7*u + 5*o + 364. List the prime factors of u.
2, 3
Let a(j) be the third derivative of -7*j**4/24 - j**3/3 - 8*j**2. Let n be a(1). List the prime factors of (-68)/(-12) - (-6)/n.
5
Let y = 553 + -145. Suppose 0 = 4*l + 4*g - y, 443 = 14*l - 10*l - 3*g. List the prime factors of l.
107
Suppose -25*w = -23*w - 10. Suppose -w*l - t + 50 = -45, -4*l + 2*t = -76. List the prime factors of l.
19
Let x(d) = 6*d - 56. List the prime factors of x(15).
2, 17
Let b = -35 - -39. Suppose 605 = 5*u + b*y, 4*u + 5*y - 121 = 3*u. What are the prime factors of u?
11
Suppose h = 3*h. Let z be h/(-8)*1/2. List the prime factors of (-28)/4*(-2 + z).
2, 7
Let a(k) be the second derivative of k**5/20 - k**4/6 - k**3/6 + 24*k**2 + 15*k. List the prime factors of a(0).
2, 3
What are the prime factors of (39/(-12))/(4505/(-900) + 5)?
3, 5, 13
Suppose -g = 0, -3*j + 3*g = 624 - 2745. What are the prime factors of j?
7, 101
Let m be (3/(-5))/((-8)/1640). Suppose -p - 49 + m = 0. List the prime factors of p.
2, 37
Suppose -5*v - 172 = -552. List the prime factors of v.
2, 19
Suppose -o = 4*x - 109, -5*x - 3 = 4*o - 153. Suppose 22*d = x*d - 32. What are the prime factors of d?
2
Let u be (45/5)/3 + 6. Suppose u*q = 10*q - 62. List the prime factors of q.
2, 31
Let v = -321 - -956. What are the prime factors of v?
5, 127
Let s be (2 - 3) + 8 + -4. Suppose -4*r + 140 = f, -275 = -f - f - s*r. What are the prime factors of f?
2, 17
Let d(t) = 170*t - 231. List the prime factors of d(9).
3, 433
Suppose -842*g = -845*g + 2262. List the prime factors of g.
2, 13, 29
Let k = -60 + 5. Let v = k - -187. List the prime factors of v.
2, 3, 11
What are the prime factors of ((-4)/(-6))/(13/7215)?
2, 5, 37
Let l(j) = 3*j**2 + 10*j + 7. Let d(q) = q**2 - 3*q - 2. Let f be d(2). What are the prime factors of l(f)?
3, 5
Suppose 56 = 4*g - 0*g. Suppose 2*r + 33 = -3*b + 13, -2*b = 2*r + g. Let q(l) = -l**2 - 10*l + 1. List the prime factors of q(b).
5
Let n(x) = x**2 + 4*x + 5. Let d be n(-4). Let g(h) = h**3 - 5*h**2 + 4*h - 7. Let j be g(d). Let t = j - 4. What are the prime factors of t?
3
Suppose -3*o + 557 = -2*z, -108 - 1041 = 4*z + o. Let t = z + 421. List the prime factors of t.
3, 5
Let n = 39 + -12. Let f = 45 - n. List the prime factors of f.
2, 3
Let l = 2345 - 2229. What are the prime factors of l?
2, 29
Let z = -264 - -740. Let m = z - 229. What are the prime factors of m?
13, 19
Suppose -1298*b - 1030 = -1303*b. List the prime factors of b.
2, 103
Suppose 3130 = 5*n + 5*n. Let x = 444 - n. List the prime factors of x.
131
List the prime factors of (-2)/10 - 7/(70/(-4712)).
3, 157
Let s(t) = -t**3 + t**2 + 4*t. Let i be s(3). Let w(p) = p**3 + 9*p**2 + 2*p + 9. Let o be w(i). Suppose o = y + 4*y. What are the prime factors of y?
3, 7
Let i be (21/(-14))/((-3)/80). Let l be (-48)/i*(-10)/3. Suppose 5*h = -l*f + 254, -2*h - 2*f = -4*h + 98. What are the prime factors of h?
2, 5
Suppose 2*s = 4*s - 8. List the prime factors of (91/s)/(1/4).
7, 13
Let j be (-4)/(-4)*1 + 18. Suppose j*o + 350 = 24*o. What are the prime factors of o?
2, 5, 7
Suppose 704 = 2*t + 4*y, 6*t - 4*t + 6*y - 702 = 0. What are the prime factors of t?
2, 3, 59
Suppose -475 = 5*t - 2030. List the prime factors of t.
311
Suppose 6*c = 3*c + 15. Suppose 2*b + 3*b - 4 = 3*f, -c*f + 12 = b. Suppose b*z - 5*z - 3*v + 54 = 0, 4*v - 56 = -3*z. List the prime factors of z.
2
List the prime factors of 5*944*20/50.
2, 59
Suppose a = -4*y + 1096, 0 = -3*y + 8*y - a - 1361. What are the prime factors of y?
3, 7, 13
Suppose 0 = f - 3*b - 452, -f + 9*b = 8*b - 458. List the prime factors of f.
461
Suppose -a - 2 - 8 = 0. Let t = a - -10. Suppose -3*d = -f - 81, t*f + 3*f = 4*d - 108. List the prime factors of d.
3
Let v = 2717 + -1791. What are the prime factors of v?
2, 463
Suppose 15*a - 11*a - 1300 = 0. Suppose 3*i + 2*i = a. What are the prime factors of i?
5, 13
Suppose 0 = -5*s + 2537 - 877. Suppose s = 5*t - 163. List the prime factors of t.
3, 11
Let z = 4106 - 2119. What are the prime factors of z?
1987
List the prime factors of ((-1)/(-8) + (-547354)/(-1840))*5.
2, 3, 31
Let x(c) = -10*c**3 + 3*c**2 + 43*c + 16. What are the prime factors of x(-6)?
2, 1013
Suppose -4 = -t + 28. Let g be t/7 - 9/(-21). What are the prime factor